the thousands digit of 3615971429?
1
What is the ten millions digit of 33619807?
3
What is the hundred millions digit of 3815976060?
8
What is the ten thousands digit of 4736708?
3
What is the ten thousands digit of 612287899?
8
What is the tens digit of 299581306?
0
What is the thousands digit of 1658980395?
0
What is the tens digit of 5600013?
1
What is the tens digit of 34562129?
2
What is the ten thousands digit of 4017494433?
9
What is the thousands digit of 51341410?
1
What is the thousands digit of 421528613?
8
What is the ten thousands digit of 38403969?
0
What is the tens digit of 10231734?
3
What is the hundred millions digit of 1791694463?
7
What is the tens digit of 1058313978?
7
What is the hundreds digit of 390530400?
4
What is the millions digit of 278846632?
8
What is the hundreds digit of 163027653?
6
What is the tens digit of 299468313?
1
What is the hundred millions digit of 292981075?
2
What is the units digit of 73574573?
3
What is the hundreds digit of 334158963?
9
What is the hundred thousands digit of 185765104?
7
What is the hundreds digit of 1847696142?
1
What is the thousands digit of 308134754?
4
What is the hundreds digit of 95230152?
1
What is the ten thousands digit of 556738021?
3
What is the ten millions digit of 1692370762?
9
What is the hundreds digit of 20113107?
1
What is the ten millions digit of 558459209?
5
What is the thousands digit of 727055939?
5
What is the ten thousands digit of 600026546?
2
What is the hundreds digit of 130403699?
6
What is the millions digit of 20422895?
0
What is the millions digit of 902042674?
2
What is the millions digit of 45540673?
5
What is the units digit of 9266349?
9
What is the tens digit of 492693142?
4
What is the units digit of 321541876?
6
What is the units digit of 14647329?
9
What is the hundred millions digit of 847343759?
8
What is the tens digit of 38631884?
8
What is the hundred millions digit of 389653862?
3
What is the units digit of 1161249421?
1
What is the units digit of 133594757?
7
What is the millions digit of 890562727?
0
What is the billions digit of 1798610894?
1
What is the units digit of 217252306?
6
What is the thousands digit of 310939581?
9
What is the thousands digit of 25808559?
8
What is the ten thousands digit of 1750415844?
1
What is the hundreds digit of 69342970?
9
What is the tens digit of 14503680?
8
What is the hundred thousands digit of 2724997261?
9
What is the ten thousands digit of 361814464?
1
What is the ten thousands digit of 173283689?
8
What is the hundreds digit of 4817995290?
2
What is the units digit of 3135791006?
6
What is the ten millions digit of 701336686?
0
What is the millions digit of 148342786?
8
What is the hundred millions digit of 150685201?
1
What is the units digit of 8529673?
3
What is the hundred thousands digit of 84644777?
6
What is the ten millions digit of 4455214174?
5
What is the hundred millions digit of 384385794?
3
What is the ten millions digit of 2217488988?
1
What is the tens digit of 482652987?
8
What is the units digit of 1078584882?
2
What is the hundreds digit of 340344266?
2
What is the hundreds digit of 6534413?
4
What is the thousands digit of 66986793?
6
What is the hundred thousands digit of 71541737?
5
What is the hundred millions digit of 409497201?
4
What is the ten millions digit of 2625194068?
2
What is the hundreds digit of 221944858?
8
What is the millions digit of 58630606?
8
What is the thousands digit of 3769456096?
6
What is the ten millions digit of 132669154?
3
What is the hundred thousands digit of 39383595?
3
What is the ten thousands digit of 305608395?
0
What is the ten millions digit of 91530190?
9
What is the ten millions digit of 795980613?
9
What is the hundred thousands digit of 206853695?
8
What is the tens digit of 28964092?
9
What is the tens digit of 1114202769?
6
What is the units digit of 25458225?
5
What is the hundred millions digit of 194987259?
1
What is the millions digit of 57491484?
7
What is the ten millions digit of 158610281?
5
What is the millions digit of 153336955?
3
What is the hundreds digit of 1020674017?
0
What is the tens digit of 105756216?
1
What is the units digit of 59778076?
6
What is the ten millions digit of 561554263?
6
What is the billions digit of 3313630364?
3
What is the ten thousands digit of 108113454?
1
What is the ten thousands digit of 6593669?
9
What is the hundred thousands digit of 165660079?
6
What is the ten millions digit of 45302683?
4
What is the hundreds digit of 13768132?
1
What is the ten thousands digit of 126275617?
7
What is the thousands digit of 446470?
6
What is the hundred millions digit of 219412061?
2
What is the ten millions digit of 317892366?
1
What is the millions digit of 768417757?
8
What is the ten millions digit of 165728726?
6
What is the tens digit of 670158062?
6
What is the thousands digit of 600191208?
1
What is the millions digit of 4346555332?
6
What is the hundred thousands digit of 136512926?
5
What is the thousands digit of 25538516?
8
What is the tens digit of 1138662449?
4
What is the ten thousands digit of 93216754?
1
What is the hundred millions digit of 208361682?
2
What is the hundred thousands digit of 6986761?
9
What is the ten thousands digit of 2085336933?
3
What is the millions digit of 76994072?
6
What is the hundreds digit of 14148858?
8
What is the units digit of 82587261?
1
What is the ten thousands digit of 1680473992?
7
What is the ten thousands digit of 3400359048?
5
What is the hundreds digit of 355343086?
0
What is the millions digit of 304364466?
4
What is the billions digit of 1976169517?
1
What is the hundred thousands digit of 238845834?
8
What is the millions digit of 1285226914?
5
What is the ten millions digit of 116048834?
1
What is the ten thousands digit of 4662217255?
1
What is the ten millions digit of 1134429392?
3
What is the billions digit of 1071513761?
1
What is the millions digit of 4724143108?
4
What is the tens digit of 317228009?
0
What is the hundreds digit of 14103265?
2
What is the ten millions digit of 375938121?
7
What is the billions digit of 1536803059?
1
What is the ten thousands digit of 1400405736?
0
What is the ten thousands digit of 1082620?
8
What is the ten thousands digit of 76735772?
3
What is the units digit of 856197988?
8
What is the thousands digit of 51222674?
2
What is the units digit of 92480884?
4
What is the hundreds digit of 196033575?
5
What is the hundred millions digit of 396272827?
3
What is the billions digit of 1528638234?
1
What is the ten thousands digit of 1312061545?
6
What is the ten millions digit of 182640813?
8
What is the ten millions digit of 1340004723?
4
What is the thousands digit of 190211138?
1
What is the ten thousands digit of 608496639?
9
What is the units digit of 34820515?
5
What is the units digit of 265067045?
5
What is the thousands digit of 719987011?
7
What is the ten thousands digit of 3959755718?
5
What is the units digit of 50697088?
8
What is the hundreds digit of 607229104?
1
What is the millions digit of 489417536?
9
What is the hundreds digit of 32615918?
9
What is the ten millions digit of 467213146?
6
What is the millions digit of 163929033?
3
What is the ten millions digit of 46428368?
4
What is the hundred thousands digit of 18079331?
0
What is the units digit of 263621739?
9
What is the hundred thousands digit of 144662335?
6
What is the ten millions digit of 1228968228?
2
What is the hundred thousands digit of 2233289976?
2
What is the hundred thousands digit of 14836155?
8
What is the thousands digit of 777829214?
9
What is the ten millions digit of 318429136?
1
What is the millions digit of 519349397?
9
What is the hundreds digit of 1174877164?
1
What is the tens digit of 40657382?
8
What is the hundred thousands digit of 21771359?
7
What is the ten thousands digit of 39618526?
1
What is the ten millions digit of 2039437297?
3
What is the units digit of 435313815?
5
What is the hundreds digit of 1151701756?
7
What is the millions digit of 102657733?
2
What is the billions digit of 2545639488?
2
What is the units digit of 141090491?
1
What is the ten millions digit of 395161058?
9
What is the units digit of 280548518?
8
What is the thousands digit of 385758040?
8
What is 